{"id":6973,"date":"2013-06-25T02:25:52","date_gmt":"2013-06-25T00:25:52","guid":{"rendered":"http:\/\/www.nerd-o-mania.de\/wordpress\/?page_id=6973"},"modified":"2023-09-04T11:23:38","modified_gmt":"2023-09-04T09:23:38","slug":"safe-kontakt","status":"publish","type":"page","link":"https:\/\/www.nerd-o-mania.de\/wordpress\/safe-kontakt\/","title":{"rendered":"Mail an uns:"},"content":{"rendered":"<p>Du zweifelst noch, warum Du mit uns in Kontakt treten sollst? Unten gibt&#8217;s die Antworten auf die meisten Fragen!<\/p>\n<p><\/p>\n<details id=\"e-n-accordion-item-1950\" >\n<summary class='e-n-accordion-item-title'>\n                         Warum soll ich Dir schreiben?&#8220;<br \/>\n                            <\/summary>\n<p>Hmm, mal \u00fcberlegen&#8230; Tja, Du k\u00f6nntest uns zum Beispiel schreiben, dass dieser Blog dein ganzes Leben ver\u00e4ndert hat, Du dank der Beziehungs-Tipps der DR. NERD Labs (trotz deines f\u00fcrchterlichen \u00dcberbisses und der Halbglatze) endlich Erfolg beim weiblichen Geschlecht hast, Du dank der fundierten Tests nicht mehr irgendwelchen Schrott kaufst &#8211; oder ganz einfach wie toll Du diesen Blog findest! Sind das nicht genug Gr\u00fcnde??<\/p>\n<p>\n                        <\/details>\n<details id=\"e-n-accordion-item-1951\" >\n<summary class='e-n-accordion-item-title'>\n                         Was passiert mit meinen Daten?&#8220;<br \/>\n                            <\/summary>\n<p>Deine Daten sind bei uns sicher- versprochen! Weder verkaufen wir deine Kontaktdaten an andere Firmen, noch geben wir Sie an andere weiter (selbst wenn Du uns kritisierst). Wenn Du also Werbemails mit fragw\u00fcrdigem Inhalt bekommst, dann bedank dich bei Facebook &#8211; oder gebe nicht auf zweifelhaften Webseiten deine Infos preis &#8211; wir sind sicher nicht daran schuld..<\/p>\n<p>\n                        <\/details>\n<details id=\"e-n-accordion-item-1952\" >\n<summary class='e-n-accordion-item-title'>\n                         Wie kann man euch sonst noch kontakten?<br \/>\n                            <\/summary>\n<p>Nat\u00fcrlich kannst Du auch andere Wege der Kommunikation nutzen um mit uns in Verbindung zu treten. Schau mal ins Impressum, dort findest Du unsere Kontaktdaten. Schreib uns einen Brief, ruf uns an &#8211; oder komm pers\u00f6nlich vorbei (nat\u00fcrlich nur, wenn Du eine attraktive Mittdrei\u00dfigerin bist)<\/p>\n<p>\n                        <\/details>\n<p>Hmm, mal \u00fcberlegen&#8230; Tja, Du k\u00f6nntest uns zum Beispiel schreiben, dass dieser Blog dein ganzes Leben ver\u00e4ndert hat, Du dank der Beziehungs-Tipps der DR. NERD Labs (trotz deines f\u00fcrchterlichen \u00dcberbisses und der Halbglatze) endlich Erfolg beim weiblichen Geschlecht hast, Du dank der fundierten Tests nicht mehr irgendwelchen Schrott kaufst &#8211; oder ganz einfach wie toll Du diesen Blog findest! Sind das nicht genug Gr\u00fcnde??<\/p>\n<p>Deine Daten sind bei uns sicher- versprochen! Weder verkaufen wir deine Kontaktdaten an andere Firmen, noch geben wir Sie an andere weiter (selbst wenn Du uns kritisierst). Wenn Du also Werbemails mit fragw\u00fcrdigem Inhalt bekommst, dann bedank dich bei Facebook &#8211; oder gebe nicht auf zweifelhaften Webseiten deine Infos preis &#8211; wir sind sicher nicht daran schuld..<\/p>\n<p>Nat\u00fcrlich kannst Du auch andere Wege der Kommunikation nutzen um mit uns in Verbindung zu treten. Schau mal ins Impressum, dort findest Du unsere Kontaktdaten. Schreib uns einen Brief, ruf uns an &#8211; oder komm pers\u00f6nlich vorbei (nat\u00fcrlich nur, wenn Du eine attraktive Mittdrei\u00dfigerin bist)<\/p>\n<p>Alle Fragen beantwortet? Dann nutze das Formular unten und ran an die Tasten!<\/p>\n\n<div class=\"wpcf7 no-js\" id=\"wpcf7-f13244-o1\" lang=\"de-DE\" dir=\"ltr\" data-wpcf7-id=\"13244\">\n<div class=\"screen-reader-response\"><p role=\"status\" aria-live=\"polite\" aria-atomic=\"true\"><\/p> <ul><\/ul><\/div>\n<form action=\"\/wordpress\/wp-json\/wp\/v2\/pages\/6973#wpcf7-f13244-o1\" method=\"post\" class=\"wpcf7-form init\" aria-label=\"Kontaktformular\" novalidate=\"novalidate\" data-status=\"init\">\n<fieldset class=\"hidden-fields-container\"><input type=\"hidden\" name=\"_wpcf7\" value=\"13244\" \/><input type=\"hidden\" name=\"_wpcf7_version\" value=\"6.1.5\" \/><input type=\"hidden\" name=\"_wpcf7_locale\" value=\"de_DE\" \/><input type=\"hidden\" name=\"_wpcf7_unit_tag\" value=\"wpcf7-f13244-o1\" \/><input type=\"hidden\" name=\"_wpcf7_container_post\" value=\"0\" \/><input type=\"hidden\" name=\"_wpcf7_posted_data_hash\" value=\"\" \/>\n<\/fieldset>\n<p><label> Dein Name (Pflichtfeld)<br \/>\n<span class=\"wpcf7-form-control-wrap\" data-name=\"your-name\"><input size=\"40\" maxlength=\"400\" class=\"wpcf7-form-control wpcf7-text wpcf7-validates-as-required\" aria-required=\"true\" aria-invalid=\"false\" value=\"\" type=\"text\" name=\"your-name\" \/><\/span> <\/label>\n<\/p>\n<p><label> Deine E-Mail-Adresse (Pflichtfeld)<br \/>\n<span class=\"wpcf7-form-control-wrap\" data-name=\"your-email\"><input size=\"40\" maxlength=\"400\" class=\"wpcf7-form-control wpcf7-email wpcf7-validates-as-required wpcf7-text wpcf7-validates-as-email\" aria-required=\"true\" aria-invalid=\"false\" value=\"\" type=\"email\" name=\"your-email\" \/><\/span> <\/label>\n<\/p>\n<p><label> Betreff<br \/>\n<span class=\"wpcf7-form-control-wrap\" data-name=\"your-subject\"><input size=\"40\" maxlength=\"400\" class=\"wpcf7-form-control wpcf7-text\" aria-invalid=\"false\" value=\"\" type=\"text\" name=\"your-subject\" \/><\/span> <\/label>\n<\/p>\n<p><label> Deine Nachricht<br \/>\n<span class=\"wpcf7-form-control-wrap\" data-name=\"your-message\"><textarea cols=\"40\" rows=\"10\" maxlength=\"2000\" class=\"wpcf7-form-control wpcf7-textarea\" aria-invalid=\"false\" name=\"your-message\"><\/textarea><\/span> <\/label><br \/>\nDieses Formular speichert deinen Namen, deine Email Adresse sowie den Inhalt, damit wir die Kommentare auf unserer Seite auswerten k\u00f6nnen. Weitere Informationen findest Du auf unserer Seite der <a href=\"https:\/\/www.nerd-o-mania.de\/wordpress\/cookieinfo\/\">Datenschutzbestimmungen<\/a><br \/>\n<span class=\"wpcf7-form-control-wrap\" data-name=\"accept-this-1\"><span class=\"wpcf7-form-control wpcf7-acceptance\"><span class=\"wpcf7-list-item\"><label><input type=\"checkbox\" name=\"accept-this-1\" value=\"1\" aria-invalid=\"false\" \/><span class=\"wpcf7-list-item-label\">ich akzeptiere.<\/span><\/label><\/span><\/span><\/span><br \/>\n* Die Checkbox f\u00fcr die Zustimmung zur Speicherung ist nach DSGVO zwingend<br \/>\n<input class=\"wpcf7-form-control wpcf7-submit has-spinner\" type=\"submit\" value=\"Senden\" \/>\n<\/p>\n<p><span class=\"wpcf7-form-control-wrap\" data-name=\"quiz-561\"><label><span class=\"wpcf7-quiz-label\">zw\u00f6lf plus 3 ergibt (als Zahl)?<\/span> <input size=\"40\" class=\"wpcf7-form-control wpcf7-quiz\" autocomplete=\"off\" aria-required=\"true\" aria-invalid=\"false\" type=\"text\" name=\"quiz-561\" \/><\/label><input type=\"hidden\" name=\"_wpcf7_quiz_answer_quiz-561\" value=\"42ded4898b38dd15ed1875fd9b052bf4\" \/><\/span>\n<\/p><div class=\"wpcf7-response-output\" aria-hidden=\"true\"><\/div>\n<\/form>\n<\/div>\n\n","protected":false},"excerpt":{"rendered":"<p>Du zweifelst noch, warum Du mit uns in Kontakt treten sollst? Unten gibt&#8217;s die Antworten auf die meisten Fragen! Warum soll ich Dir schreiben?&#8220; Hmm, mal \u00fcberlegen&#8230; Tja, Du k\u00f6nntest uns zum Beispiel schreiben, dass dieser Blog dein ganzes Leben ver\u00e4ndert hat, Du dank der Beziehungs-Tipps der DR. NERD Labs (trotz deines f\u00fcrchterlichen \u00dcberbisses und &hellip;<\/p>\n","protected":false},"author":59,"featured_media":24663,"parent":0,"menu_order":0,"comment_status":"closed","ping_status":"closed","template":"","meta":{"activitypub_content_warning":"","activitypub_content_visibility":"","activitypub_max_image_attachments":4,"activitypub_interaction_policy_quote":"anyone","activitypub_status":"","footnotes":""},"class_list":["post-6973","page","type-page","status-publish","has-post-thumbnail","hentry"],"jetpack_likes_enabled":false,"_links":{"self":[{"href":"https:\/\/www.nerd-o-mania.de\/wordpress\/wp-json\/wp\/v2\/pages\/6973","targetHints":{"allow":["GET"]}}],"collection":[{"href":"https:\/\/www.nerd-o-mania.de\/wordpress\/wp-json\/wp\/v2\/pages"}],"about":[{"href":"https:\/\/www.nerd-o-mania.de\/wordpress\/wp-json\/wp\/v2\/types\/page"}],"author":[{"embeddable":true,"href":"https:\/\/www.nerd-o-mania.de\/wordpress\/wp-json\/wp\/v2\/users\/59"}],"replies":[{"embeddable":true,"href":"https:\/\/www.nerd-o-mania.de\/wordpress\/wp-json\/wp\/v2\/comments?post=6973"}],"version-history":[{"count":0,"href":"https:\/\/www.nerd-o-mania.de\/wordpress\/wp-json\/wp\/v2\/pages\/6973\/revisions"}],"wp:featuredmedia":[{"embeddable":true,"href":"https:\/\/www.nerd-o-mania.de\/wordpress\/wp-json\/wp\/v2\/media\/24663"}],"wp:attachment":[{"href":"https:\/\/www.nerd-o-mania.de\/wordpress\/wp-json\/wp\/v2\/media?parent=6973"}],"curies":[{"name":"wp","href":"https:\/\/api.w.org\/{rel}","templated":true}]}}